{"id":128,"date":"2016-02-13T02:36:18","date_gmt":"2016-02-13T05:36:18","guid":{"rendered":"http:\/\/webspace.net.br\/?page_id=128"},"modified":"2022-11-24T01:05:51","modified_gmt":"2022-11-24T04:05:51","slug":"assine-ja-2","status":"publish","type":"page","link":"https:\/\/webspace.net.br\/?page_id=128","title":{"rendered":"Assine J\u00e1 &#8211; Termos e Condi\u00e7\u00f5es"},"content":{"rendered":"<p>Ol\u00e1, obrigado pelo interesse em nossos servi\u00e7os. Para realizar a assinatura entre em contato por email. Ao assinar nossos servi\u00e7os voc\u00ea concorda com nossos <a href=\"?p=72\">Termos e Condi\u00e7\u00f5es<\/a>.<\/p>\n","protected":false},"excerpt":{"rendered":"<p>Ol\u00e1, obrigado pelo interesse em nossos servi\u00e7os. Para realizar a assinatura entre em contato por email. Ao assinar nossos servi\u00e7os voc\u00ea concorda com nossos Termos e Condi\u00e7\u00f5es.<\/p>\n","protected":false},"author":2,"featured_media":0,"parent":0,"menu_order":0,"comment_status":"closed","ping_status":"closed","template":"","meta":{"footnotes":""},"class_list":["post-128","page","type-page","status-publish","hentry"],"_links":{"self":[{"href":"https:\/\/webspace.net.br\/index.php?rest_route=\/wp\/v2\/pages\/128","targetHints":{"allow":["GET"]}}],"collection":[{"href":"https:\/\/webspace.net.br\/index.php?rest_route=\/wp\/v2\/pages"}],"about":[{"href":"https:\/\/webspace.net.br\/index.php?rest_route=\/wp\/v2\/types\/page"}],"author":[{"embeddable":true,"href":"https:\/\/webspace.net.br\/index.php?rest_route=\/wp\/v2\/users\/2"}],"replies":[{"embeddable":true,"href":"https:\/\/webspace.net.br\/index.php?rest_route=%2Fwp%2Fv2%2Fcomments&post=128"}],"version-history":[{"count":17,"href":"https:\/\/webspace.net.br\/index.php?rest_route=\/wp\/v2\/pages\/128\/revisions"}],"predecessor-version":[{"id":648,"href":"https:\/\/webspace.net.br\/index.php?rest_route=\/wp\/v2\/pages\/128\/revisions\/648"}],"wp:attachment":[{"href":"https:\/\/webspace.net.br\/index.php?rest_route=%2Fwp%2Fv2%2Fmedia&parent=128"}],"curies":[{"name":"wp","href":"https:\/\/api.w.org\/{rel}","templated":true}]}}